100000
What is -1010020011010011 (base 3) in base 6?
-1332151521
-69595 (base 14) to base 13
-8c878
What is -100110110011110101111100 (base 2) in base 9?
-21125764
What is -176920 (base 10) in base 7?
-1334542
-1110011110010011010001 (base 2) to base 16
-39e4d1
Convert 13012003 (base 4) to base 12.
14997
-1210134014 (base 5) to base 14
-534d85
What is 210153020 (base 7) in base 2?
101111001111001100011000
Convert -114830 (base 13) to base 12.
-179355
-1f6ecd (base 16) to base 9
-3778677
53a00 (base 15) to base 3
111111012100
531011 (base 6) to base 2
1010011111101111
Convert -169595 (base 10) to base 4.
-221121323
91b7c (base 13) to base 11
169282
Convert 210301323 (base 4) to base 12.
73223
Convert 100100110110110110110 (base 2) to base 4.
10212312312
What is -176444 (base 8) in base 11?
-44763
100525403 (base 7) to base 8
26254500
12325 (base 12) to base 2
110000001001101
-3110312313 (base 5) to base 10
-6338458
What is 3340514 (base 7) in base 6?
12505032
Convert 20354211 (base 6) to base 4.
2100030133
What is -14a179 (base 11) in base 16?
-38eac
-4826777 (base 9) to base 6
-132024241
-3976659 (base 11) to base 13
-15695b4
What is a70954 (base 12) in base 14?
4c8304
1332310221 (base 4) to base 2
1111110110100101001
14653d3 (base 14) to base 15
d10eb6
389d2 (base 16) to base 7
1654031
Convert 31030102030 (base 4) to base 15.
4849ad
-200220111012210 (base 3) to base 10
-10047963
What is 114044330 (base 6) in base 12?
8796a6
What is 100088a (base 11) in base 10?
1772627
What is -2515143 (base 6) in base 2?
-100000110111100111
Convert -15322155 (base 7) to base 10.
-1467786
-420355430 (base 6) to base 14
-d83ab0
Convert -218476 (base 9) to base 15.
-28ba9
What is -422530 (base 9) in base 8?
-752510
What is -8dbbd (base 15) in base 12?
-199374
Convert 95595b (base 14) to base 5.
2243014221
What is de0b1 (base 16) in base 6?
31254333
140644 (base 9) to base 14
233bd
What is 33701588 (base 9) in base 12?
558a38b
402271 (base 9) to base 7
2010346
What is 1345007 (base 11) in base 8?
10663104
What is -113312022 (base 6) in base 10?
-2124590
1033330121 (base 4) to base 6
11003545
What is -44b904 (base 14) in base 16?
-23a890
Convert 11110100110010111 (base 2) to base 12.
60647
Convert 155099 (base 12) to base 6.
11424313
-50a724 (base 14) to base 15
-38a4c9
-3152631 (base 8) to base 12
-346909
-1902406 (base 11) to base 12
-10b5a10
What is -ad040 (base 16) in base 14?
-146396
What is 6097 (base 10) in base 9?
8324
100ec50 (base 16) to base 5
13302301322
34107 (base 13) to base 4
113012313
Convert 1051715 (base 8) to base 10.
283597
Convert -1115511 (base 6) to base 10.
-56995
413431024 (base 5) to base 4
12133201332
Convert -160211 (base 11) to base 15.
-4dc51
Convert -320021010 (base 4) to base 16.
-38244
What is -1010202100101 (base 3) in base 6?
-20550231
Convert -210676 (base 9) to base 10.
-125214
101022102210112 (base 3) to base 6
313244322
What is -1002002210001 (base 3) in base 4?
-2023312201
What is 12873 (base 16) in base 5?
4412031
54003152 (base 7) to base 9
8564452
Convert -1102021222120 (base 3) to base 14.
-1589b0
-1417b8 (base 12) to base 5
-41202102
Convert -36061372 (base 8) to base 6.
-441034110
Convert 2937415 (base 10) to base 9.
5466334
-4133530 (base 6) to base 12
-972a6
548245 (base 10) to base 13
162709
What is -77614 (base 9) in base 2?
-1100100101001001
What is -1152a0 (base 11) in base 3?
-100021121122
Convert -7c21ab (base 13) to base 15.
-3d3077
-423433322 (base 5) to base 6
-102054514
Convert -81931 (base 16) to base 3.
-222222000221
15425454 (base 7) to base 16
16abc8
What is 30c8f (base 16) in base 7?
1461401
202022100102 (base 3) to base 10
399746
Convert 110110111001101011000 (base 2) to base 16.
1b7358
Convert 128648 (base 10) to base 8.
373210
What is 933b77 (base 16) in base 5?
4432232030
-265600 (base 7) to base 14
-14337
13130302200 (base 4) to base 3
10200012220200
What is -441605 (base 12) in base 11?
-679089
-d297e (base 16) to base 6
-30253250
Convert -20202011010 (base 3) to base 8.
-403265
What is -100024301 (base 5) in base 11?
-248944
2d0e6 (base 16) to base 3
100101011012
76075516 (base 8) to base 7
255262442
Convert -67364c (base 13) to base 4.
-21102210122
270182 (base 9) to base 2
101000000101010100
315b8 (base 16) to base 4
301112320
Convert -ab937 (base 13) to base 10.
-311344
What is -8a993 (base 11) in base 4?
-200020231
-10034 (base 7) to base 9
-3285
Convert -1013020300 (base 4) to base 7.
-2322331
Convert 132029 (base 10) to base 15.
291be
What is -3710024 (base 8) in base 7?
-11445353
Convert -113022300 (base 4) to base 2.
-10111001010110000
What is 112245663 (base 7) in base 15?
90a379
Convert -17503d (base 15) to base 8.
-4240273
What is 1785a37 (base 11) in base 3?
12200122002012
Convert 946a3 (base 13) to base 11.
172653
Convert 32389 (base 14) to base 5.
12341240
24fe2 (base 16) to base 10
151522
260b58 (base 15) to base 4
12331210202
-7994c (base 15) to base 2
-1011110011100011111
What is -253130562 (base 7) in base 10?
-16024563
11112220202202 (base 3) to base 2
1001001110101010110110
What is 13426 (base 14) in base 5?
3004331
What is 10374137 (base 10) in base 8?
47445771
-124204312 (base 5) to base 9
-1138244
What is 5072697 (base 10) in base 9?
10481380
What is 548c (base 15) in base 16?
45f3
What is 1023436 (base 7) in base 4?
132030313
Convert 4355423 (base 6) to base 9.
361526
Convert -432354204 (base 6) to base 7.
-122204320
What is 10314121 (base 8) in base 4?
20121201101
-202121102 (base 5) to base 3
-1112111202021
212200000202121 (base 3) to base 13
27b50cc
-1876082 (base 10) to base 7
-21642425
-282928 (base 12) to base 11
-417149
2745833 (base 12) to base 15
a430cc
What is -2261215 (base 8) in base 7?
-5141105
-3ba3a (base 13) to base 5
-12032324
-1a55 (base 16) to base 10
-6741
Convert -132926a (base 11) to base 16.
-2309e5
Convert 897b4 (base 12) to base 13.
6514c
Convert 100101010010000 (base 2) to base 9.
28158
-47cfd (base 16) to base 13
-a3b63
Convert -1120212102210 (base 3) to base 14.
-17d6d5
What is -554b2 (base 12) in base 8?
-334606
-4665100 (base 7) to base 15
-b918d
Convert 269602 (base 10) to base 2.
1000001110100100010
Convert 11210132020 (base 4) to base 12.
5a4b74
-893281 (base 10) to base 15
-129a21
Convert 10460233 (base 7) to base 3.
1200222211121
Convert -5baa2 (base 12) to base 14.
-333d0
Convert a94a0 (base 12) to base 6.
4443120
Convert 8308603 (base 9) to base 3.
22100022200010
-121818 (base 12) to base 2
-1000111100101010100
What is 562908 (base 10) in base 12?
231910
-36136 (base 11) to base 8
-145545
2222101212 (base 3) to base 8
162365
Convert 406886 (base 14) to base 16.
211a66
3023511 (base 6) to base 15
2c74a
Convert 288320 (base 10) to base 12.
11aa28
What is -114165 (base 9) in base 12?
-338a2
What is -1013511 (base 8) in base 16?
-41749
What is 198063 (base 11) in base 2?
1001010000110110001
What is 190d862 (base 14) in base 7?
210313552
-87991 (base 11) to base 15
-27c3e
1368728 (base 9) to base 8
2701313
2c19c (base 15) to base 12
6a2b6
207481 (base 11) to base 2
1010001000011011000
Convert -11ba662 (base 14) to base 4.
-200133233232
146593 (base 10) to base 3
21110002101
What is 653441 (base 8) in base 14?
59ac9
Convert 210300310 (base 4) to base 3.
21122120001
What is -633065 (base 7) in base 10?
-109121
What is -4b8b4 (base 12) in base 6?
-2113544
What is -100301300 (base 4) in base 12?
-33928
Convert 110122 (base 8) to base 10.
36946
1359 (base 14) to base 11
2621
Convert -21210202000101 (base 3) to base 4.
-33310230310
What is -201212021100 (base 3) in base 11?
-2477a2
What is -108321 (base 9) in base 5?
-4041033
-11e74 (base 15) to base 16
-dfab
200a20 (base 12) to base 4
1321312320
Convert 2011201210102 (base 3) to base 6.
40440015
Convert -a9794 (base 11) to base 4.
-212321223
Convert 13d96 (base 15) to base 14.
19384
What is -10110111101001101001 (base 2) in base 15?
-ecd3d
Convert 123012031 (base 4) to base 12.
54291
21090 (base 10) to base 2
101001001100010
-33265114 (base 8) to base 11
-4058450
Convert -135263 (base 8) to base 6.
-1005135
Convert 10011111101111001010 (base 2) to base 6.
22005030
-cfe0 (base 16) to base 6
-1050212
246743 (base 11) to base 10
389546
Convert 361105 (base 7) to base 13.
238c3
38315 (base 9)